ime number?
True
Is 12918979 prime?
True
Is 792343 a composite number?
True
Is 30956617 prime?
True
Is 22288169 composite?
True
Is 2144269 composite?
False
Is 268110277 composite?
False
Is 242713 a prime number?
True
Is 49489931 composite?
False
Is 1178609 a composite number?
False
Is 1416161 prime?
True
Is 3559354 a prime number?
False
Is 97145137 a prime number?
True
Is 3571787 a prime number?
True
Is 291349 composite?
False
Is 286904561 prime?
True
Is 5733919 a composite number?
False
Is 809706997 a prime number?
False
Is 2300581 a composite number?
False
Is 3230317 a composite number?
True
Is 289717 composite?
False
Is 391733413 a prime number?
False
Is 13611761 a composite number?
False
Is 131278627 composite?
True
Is 18012821 prime?
False
Is 424756793 a composite number?
True
Is 48024787 prime?
True
Is 6092782 a composite number?
True
Is 1493657 a prime number?
False
Is 55000961 a prime number?
True
Is 9184519 composite?
True
Is 1370963 prime?
False
Is 6413609 prime?
True
Is 925861 a composite number?
True
Is 2380631 prime?
False
Is 20312931 a prime number?
False
Is 4995769 composite?
True
Is 60828841 composite?
False
Is 81468679 a composite number?
False
Is 904151 a composite number?
True
Is 803597 prime?
False
Is 5176669 a composite number?
True
Is 40726471 prime?
True
Is 6223169 a composite number?
True
Is 9477731 a composite number?
True
Is 54584053 a prime number?
True
Is 41545523 a prime number?
False
Is 39112283 a composite number?
True
Is 449459 composite?
False
Is 25807787 composite?
False
Is 141769597 a composite number?
False
Is 1038805579 a composite number?
True
Is 52775069 prime?
True
Is 121737397 a composite number?
False
Is 56957387 a prime number?
False
Is 3064357 composite?
True
Is 19533667 a prime number?
True
Is 546787 prime?
False
Is 2378777 prime?
False
Is 63827371 composite?
False
Is 9864958 composite?
True
Is 747460027 a prime number?
True
Is 80179189 a composite number?
True
Is 16736411 a composite number?
False
Is 3758791 prime?
True
Is 792923 a prime number?
False
Is 980321 a composite number?
False
Is 90655795 a composite number?
True
Is 2966479 prime?
True
Is 7739997 a prime number?
False
Is 2561147 composite?
True
Is 6961307 a composite number?
True
Is 13332481 a prime number?
True
Is 5096849 prime?
True
Is 437771 a prime number?
True
Is 144366221 a prime number?
True
Is 62202841 prime?
True
Is 5958217 a prime number?
True
Is 171611 composite?
True
Is 3012465343 composite?
False
Is 13872589 composite?
False
Is 95753501 composite?
False
Is 54491839 composite?
True
Is 92265835 composite?
True
Is 5908209 composite?
True
Is 1593299 a prime number?
True
Is 176797069 prime?
True
Is 13250137 prime?
True
Is 1141733 prime?
False
Is 529429 composite?
True
Is 198736853 composite?
True
Is 38201929 prime?
False
Is 83020643 a prime number?
True
Is 32833411 a prime number?
False
Is 18098441 prime?
True
Is 521830607 a prime number?
True
Is 36791099 composite?
True
Is 22977059 composite?
True
Is 4132769 composite?
False
Is 139043 composite?
True
Is 6172183 prime?
True
Is 71129389 composite?
False
Is 456007 a composite number?
False
Is 11204777 a composite number?
True
Is 256694233 prime?
True
Is 16424299 a prime number?
False
Is 54247135 a composite number?
True
Is 543784649 prime?
True
Is 267168169 a prime number?
False
Is 25249999 a composite number?
False
Is 69414181 prime?
False
Is 32468927 prime?
False
Is 16820857 composite?
False
Is 16950963 a composite number?
True
Is 259015 a composite number?
True
Is 759413 a prime number?
False
Is 2446271 composite?
False
Is 59356577 a prime number?
False
Is 55765937 a composite number?
False
Is 44633791 prime?
False
Is 186994513 a prime number?
True
Is 479484913 a composite number?
False
Is 1866133 a composite number?
True
Is 8931905 composite?
True
Is 20562658 a composite number?
True
Is 3910087 composite?
False
Is 8889871 a composite number?
False
Is 36247 prime?
False
Is 1296695 a prime number?
False
Is 96934853 prime?
True
Is 8145741 composite?
True
Is 5570627 a prime number?
False
Is 3307099 prime?
True
Is 3682073 composite?
True
Is 43136069 a composite number?
False
Is 90376961 a prime number?
True
Is 9143 a prime number?
False
Is 1475069 a composite number?
True
Is 7273901 a prime number?
True
Is 6544219 composite?
True
Is 15366289 a composite number?
False
Is 23998129 prime?
True
Is 772529 a prime number?
False
Is 485742199 composite?
True
Is 4459957 a prime number?
False
Is 3126961 composite?
False
Is 236221079 composite?
False
Is 2315567 a composite number?
False
Is 15521477 a prime number?
True
Is 8192155 prime?
False
Is 217108427 composite?
False
Is 31079471 a prime number?
True
Is 74462383 a prime number?
False
Is 13585087 a prime number?
False
Is 432754633 prime?
True
Is 62005087 a prime number?
True
Is 43871549 a prime number?
True
Is 10263329 a composite number?
False
Is 28890461 a prime number?
False
Is 12886549 a prime number?
False
Is 4894423 composite?
True
Is 6489923 a composite number?
True
Is 6749507 prime?
False
Is 68697149 composite?
False
Is 130075553 prime?
True
Is 2161961 prime?
False
Is 49232921 a prime number?
True
Is 49074521 a composite number?
False
Is 1144927 composite?
True
Is 5439499 prime?
False
Is 29242129 a prime number?
False
Is 2343065 a composite number?
True
Is 267777397 a composite number?
False
Is 84110863 a composite number?
False
Is 7191551 composite?
False
Is 184818295 a prime number?
False
Is 388183177 a composite number?
True
Is 193659 prime?
False
Is 15392243 a composite number?
True
Is 40295611 a prime number?
True
Is 69558499 a prime number?
True
Is 120277 composite?
False
Is 5639807 prime?
False
Is 111520813 composite?
True
Is 2807303 a prime number?
True
Is 253839379 a composite number?
False
Is 2087002 composite?
True
Is 17803067 prime?
False
Is 267511067 a prime number?
True
Is 1030787 a prime number?
True
Is 4557041 a composite number?
False
Is 7457503 composite?
False
Is 18414611 a composite number?
False
Is 5219779 prime?
False
Is 202618103 composite?
False
Is 30573658 a prime number?
False
Is 62540287 prime?
False
Is 58573861 composite?
False
Is 563519 composite?
True
Is 5984453 prime?
True
Is 11904791 a composite number?
True
Is 163307 a composite number?
False
Is 21109493 a prime number?
True
Is 266377669 composite?
False
Is 30911707 prime?
True
Is 4700789 a composite number?
True
Is 3956429 prime?
True
Is 833243 a composite number?
True
Is 5699333 prime?
False
Is 40778267 prime?
True
Is 18916759 prime?
True
Is 918923 prime?
False
Is 9551429 composite?
False
Is 63677843 prime?
False
Is 4949383 prime?
False
Is 125084483 a prime number?
True
Is 681810665 prime?
False
Is 208951 composite?
True
Is 28227919 prime?
False
Is 491383 a prime number?
False
Is 8800042 composite?
True
Is 5626757 prime?
True
Is 2896943 composite?
True
Is 42830698 prime?
False
Is 351151 composite?
False
Is 96893 a composite number?
False
Is 5861299 a prime number?
True
Is 30731401 a prime number?
False
Is 501025313 a prime number?
True
Is 122228231 a composite number?
True
Is 9048881 a prime number?
True
Is 96434501 a composite number?
True
Is 5405921 a prime number?
True
Is 15954307 composite?
False
Is 24725377 prime?
True
Is 78794123 a prime number?
True
Is 1404257 prime?
True
Is 5584567 a composite number?
False
Is 37827929 composite?
False
Is 2433997 a prime number?
False
Is 11476847 prime?
False
Is 94847757 a prime number?
False
Is 45975977 a composite number?
False
Is 2580839 a prime number?
True
Is 2936741 prime?
True
Is 1827647 composite?
False
Is 9792377 composite?
True
Is 7154471 a prime number?
True
Is 4516931 a prime number?
True
Is 10049135 prime?
False
Is 59073347 composite?
True
Is 242895359 a prime number?
False
Is 6390863 a prime number?
False
Is 51326501 a composite number?
True
Is 27536903 a prime number?
True
Is 2650069 composite?
True
Is 547735 a prime number?
False
Is 3941957 prime?
True
Is 52383109 a composite number?
False
Is 5455097 composite?
False
Is 139370411 prime?
True
Is 577631 a prime number?
False
Is 8701141 prime?
True
Is 17715721 prime?
True
Is 93455 composite?
True
Is 20678279 a composite number?
False
Is 18012349 prime?
False
Is 3759501 composite?
True
Is 33508417 a composite number?
False
Is 544917 a prime 